common factor of 110 and v.
110
Suppose 2*m - 227 = -3*c, -376 = -5*c + 44*m - 45*m. What is the greatest common divisor of c and 2310?
15
Let a(l) = 2*l**2 - 2*l - 6. Let o be 0 - (-2 + 0 + -2). Let v be a(o). Suppose 35 = 2*x - u + 9, x = 3*u + v. What is the highest common divisor of x and 36?
12
Let x be (-10)/4 + (-5)/(-10). Let u be x/1 + 0 - -47. Let v be ((-540)/(-432))/((-2)/(-24)). Calculate the highest common factor of v and u.
15
Suppose -5290 - 439 = -24*c + 15895. What is the greatest common divisor of c and 17?
17
Suppose -122*p + 149 = -3267. Suppose 3 = 5*n - 102. Calculate the highest common factor of p and n.
7
Let c(n) = -82*n**2 + 590*n - 22. Let v be c(7). Suppose -2*d + 225 = d. What is the greatest common factor of d and v?
15
Let r(p) = p**2 - 35*p + 17. Suppose -35*b + 37*b - 69 = -m, -2*m = -4*b + 142. Let s be r(b). Calculate the highest common divisor of 391 and s.
17
Suppose 0*l = 2*l - 410. Suppose 4*f + 3*q - 71 = 0, 0 = 1808*f - 1804*f - 3*q + 31. What is the highest common factor of l and f?
5
Suppose -43*p + 557 = -63*p + 3357. What is the highest common divisor of 1180 and p?
20
Let v = 588 - 583. Suppose f + 3*h - 328 = 0, 7*f - 8*f + v*h = -328. What is the greatest common divisor of 24 and f?
8
Let a(z) = -17*z**3 + z**2 - z - 1. Let h be a(-1). Suppose -14*u - h + 60 = 0. What is the highest common divisor of 8 and u?
1
Let j(m) = -205*m - 724. Let d be j(-4). Calculate the greatest common divisor of 114 and d.
6
Let m be (15/4)/(345/2300). Let u = -62 - -87. Calculate the greatest common divisor of m and u.
25
Suppose 0 = -2*t - o + 1, -2*t + 0*t + 7 = -o. Let q = -180 + 168. Let i be 276/18 + -1 + (-20)/q. Calculate the greatest common factor of i and t.
2
Let h(u) be the third derivative of -5*u**3 + 1/60*u**5 + 12*u**2 + 0*u + 0 + 5/12*u**4. Let m be h(-13). Calculate the highest common factor of 6 and m.
3
Suppose -7*t + 10*t - 3469 = -v, -4*v = t - 13920. What is the greatest common factor of 59 and v?
59
Let u be ((-259)/37)/((-5)/50). Calculate the greatest common factor of u and 215.
5
Let z(o) = o**2 - 25*o - 66. Let m be z(27). Let i(w) = w**3 + 10*w**2 - 23*w + 14. Let n be i(m). What is the greatest common divisor of 28 and n?
2
Let s be (-54)/4*-2 + 2319 + -2314. Suppose -64 = -3*g - g. Calculate the greatest common factor of s and g.
16
Let y be -60 + 66 + (-2)/(-1 + -1). Suppose -23 = y*k - 191. What is the greatest common divisor of 132 and k?
12
Suppose -6992 = -5*z + 14728. What is the greatest common divisor of z and 24?
24
Let r be (1 - 11) + 1 + -5. Let b = r - -13. Let f be (-234)/(-24) - b/4. Calculate the highest common divisor of f and 4.
2
Let w be (6 - 4) + -17 + 4. Let n(x) = -5*x + 0*x - 1 - 1 + 3. Let c be n(w). Calculate the highest common factor of c and 8.
8
Let a be 7*(8/12 - 40/105). Suppose -q = 0, -a*q = r + 2*r - 9. Let c be (-12)/(-9)*2*9. What is the greatest common divisor of r and c?
3
Let o(u) be the third derivative of u**6/120 - 3*u**5/20 + 13*u**4/12 - 3*u**3/2 - u**2 - 49. Let h be o(5). What is the highest common divisor of 3 and h?
3
Let o be 1*(1 + -5 + 9). Suppose -m + 5*u + 6 = -31, -205 = -o*m + 5*u. What is the greatest common factor of m and 315?
21
Let v(o) = -12*o - 54. Let b be v(-5). Let s be 2 + 68/b + 1/(-3). Calculate the highest common factor of 13 and s.
13
Let l(o) = o. Let v(h) = 2*h**2 - 3*h - 5. Let u(i) = 6*l(i) + v(i). Let q be u(2). Suppose 81 = -6*m + 7*m. What is the highest common factor of m and q?
9
Let a be (-3)/(-1) - -6 - -10. Calculate the highest common factor of 380 and a.
19
Suppose -207 = -3*n - 162. Suppose 69*j - 68*j - n = 0. What is the greatest common divisor of 15 and j?
15
Let d = -45 - -364. Let g = -776 + 805. Calculate the greatest common factor of g and d.
29
Suppose 12*o + 242 = 406 + 436. Calculate the greatest common factor of 17200 and o.
50
Suppose -j + 2*r + 16 = 0, 3*j - r - 58 = -0*j. Let m(i) = -i**2 + 23*i - 2. Let h be m(17). Calculate the highest common factor of h and j.
20
Let w be (6555/(-114))/(3/(-102)). Calculate the greatest common factor of w and 138.
23
Let j(s) = 20*s - 35. Let u(p) = -18*p + 35. Let d(b) = 2*j(b) + 3*u(b). Let w be d(-4). Calculate the highest common factor of w and 26.
13
Let s be ((-21)/(-35))/(17/170). Let b(m) = m. Let y be b(5). Suppose 6*j = 4*j - o + 96, y*o = 0. Calculate the highest common factor of s and j.
6
Let n be ((-99)/27 + -1 + 0)/(40/(-3000)). Calculate the greatest common factor of 1250 and n.
50
Let j = 3641 - 3623. Calculate the greatest common factor of 1734 and j.
6
Let u = 682 + -1278. Let s = u + 1467. Calculate the highest common factor of s and 67.
67
Let v be (36/10)/((-6)/20). Let g = 26 + v. Let z be 8236/284 - 1*15. Calculate the greatest common divisor of z and g.
14
Suppose -165560 = -321*s + 56572. What is the greatest common divisor of s and 6?
2
Let w = -9340 - -15509. What is the highest common divisor of w and 31?
31
Let m be (-23*((-4)/4 + (-8 - -11)))/(-1). What is the greatest common factor of m and 30682?
46
Suppose 2*y - 4*p - 2410 = 0, -257*p - 3703 = -3*y - 262*p. Calculate the highest common divisor of y and 666.
111
Suppose 0 = 3*y + 5*p + 39 - 138, -70 = -2*y - 4*p. What is the greatest common divisor of y and 47?
1
Suppose 8*x - 7*x = 31. Let m be 4/(-16)*x - 1/4. Let y be (-3)/4 + (-174)/m + 1. What is the highest common factor of 154 and y?
22
Suppose 338*v - 2843 = 334*v - 5*b, -2853 = -4*v - 3*b. Calculate the greatest common factor of v and 3.
3
Let u = -49629 + 49791. Suppose -22 + 4 = -3*n. Calculate the greatest common divisor of n and u.
6
Let q be (2 - 99/33)*(-34 - (2 + -1)). Suppose -2*s - 3*k + 69 = 0, 3*k + 0*k + 183 = 4*s. What is the greatest common factor of s and q?
7
Let g be 4/(-6) - 208/(-78). Suppose g*p + p = 42. Suppose -6 = 12*j - p*j. What is the greatest common divisor of 9 and j?
3
Let b = 3457 - 3397. Calculate the greatest common divisor of b and 492.
12
Suppose -3 + 43 = -4*z. Let k = -388 - -363. Let j = z - k. What is the highest common divisor of 6 and j?
3
Suppose 5*h = 4*j - 46, -8*h - 26 = j - 3*h. Suppose 4*w + 0*w + 24 = -2*z, -4*z + 6 = -w. Let v = w - -8. What is the greatest common divisor of v and j?
2
Let f = -38823 + 38844. Calculate the greatest common factor of f and 13251.
21
Suppose 516*m - 256*m - 252*m = 3024. Calculate the greatest common divisor of m and 126.
126
Let a(v) = v**2 + 8*v - 7. Let c be a(1). Suppose -10 = -l + c*w - 1, -2*w - 61 = -5*l. What is the highest common factor of l and 117?
13
Let t = 2589 + -2346. What is the highest common factor of t and 423?
9
Suppose 7*m - 1638 = -5*z + 4*m, -2*z + m + 642 = 0. Calculate the highest common divisor of 2052 and z.
108
Suppose -23 = -4*j + 29. Suppose 0 = 2*t + 3*t + 40. Let f = t + j. What is the highest common divisor of 55 and f?
5
Suppose 11*x = -2499 + 2829. What is the highest common divisor of 735 and x?
15
Suppose -124*w = -121*w + 660. Let u be 5/(w/8) + (-3264)/(-44). Calculate the greatest common divisor of 518 and u.
74
Suppose -9*x = -9536 + 4460. What is the highest common divisor of x and 84?
12
Let v = 54 - 31. Let i(b) = -3182*b + 22711. Let t be i(7). What is the greatest common divisor of v and t?
23
Let n = -1389 + 750. Let b = 650 + n. Let t = -5 + 16. What is the highest common factor of b and t?
11
Suppose -4*h + 126 = -4*s + 258, -5*s - 2*h + 130 = 0. What is the highest common factor of s and 106?
2
Let t(r) = 11*r - 28 + r + 20*r. Let a be t(7). Calculate the greatest common factor of a and 147.
49
Suppose y = 5*o - 267, o + 278*y - 277*y = 57. Calculate the greatest common divisor of o and 630.
18
Let j be (4/((-64)/28)*-4)/(182/52). Let o(r) = -r**2 - 7*r - 2. Let b be o(-6). Calculate the greatest common factor of b and j.
2
Suppose -7*g + 4*g + 3 = 0. Let h be (-448)/(-4) + -5*(-1)/g. What is the greatest common factor of h and 13?
13
Let v(s) = s**2 - 3*s - 17. Let r be v(-5). Let d = -12 + r. Suppose d*t - 14*t = -132. Calculate the greatest common divisor of t and 66.
22
Let u be ((-4)/(-3))/((-4)/(27 + -4635)). What is the greatest common factor of 144 and u?
48
Let d(p) = -285*p + 1. Let l be d(-1). Suppose 57*u + 53 = 2*h + 58*u, 5*h - 127 = 3*u. What is the highest common